211
Let f(s) = -151017*s + 906099. What is f(6)?
-3
Let w(l) = l**3 - l**2 - 957*l - 841. Determine w(-30).
-31
Let d(p) = 4*p**3 - 199*p**2 + 306*p + 72. Calculate d(48).
-1368
Let p(m) = 1943*m + 223477. Calculate p(-115).
32
Let v(s) = 3*s**3 - 376*s**2 - 1803*s - 2185. Determine v(130).
25
Let q(x) = -x**3 + 215*x**2 - 3190*x + 102. Give q(16).
6
Let p(v) = v**3 + 141*v**2 + 3*v - 1078. Determine p(-141).
-1501
Let p(x) = -1028*x - 16373. Calculate p(-16).
75
Let h(k) = 1199*k - 115324. What is h(96)?
-220
Let c(p) = -8147*p**2 - 309585*p + 30. Determine c(-38).
-8
Let k(x) = -14*x**2 + 100*x + 178. Determine k(11).
-416
Let h(j) = -3*j**2 - 1345*j - 6569. Determine h(-5).
81
Let a(n) = 1963*n + 602647. Give a(-307).
6
Let c(j) = -64*j**2 + 12172*j - 2269. What is c(190)?
11
Let m(l) = -l**3 + 6*l**2 - 106*l - 529. Give m(-7).
850
Let h(w) = 4*w**3 + 415*w**2 + 325*w + 646. Calculate h(-103).
-1002
Let d(r) = -4516*r + 17979. Determine d(4).
-85
Let o(g) = -3933*g + 31585. What is o(8)?
121
Let k(i) = -6115*i - 256913. Determine k(-42).
-83
Let w(o) = -2928*o + 2912. Determine w(1).
-16
Let f(i) = -12*i**3 + 41*i**2 - 106*i - 184. Give f(4).
-720
Let w(v) = -4*v**2 + 636*v + 6899. What is w(169)?
139
Let k(p) = 3782*p - 55849. What is k(15)?
881
Let k(j) = j**3 - 497*j**2 + 10001*j - 2404. Give k(476).
-24
Let n(w) = -9635*w - 337171. Calculate n(-35).
54
Let c(z) = 72028*z - 360133. Determine c(5).
7
Let c(t) = 92*t + 232. What is c(-15)?
-1148
Let f(w) = 11*w**3 + 72*w**2 - 20*w + 72. Give f(-7).
-33
Let p(a) = 2*a**3 + 88*a**2 + 387*a - 144. What is p(-39)?
-27
Let q(b) = 5*b**2 + 3113*b + 15653. Determine q(-5).
213
Let c(u) = 63*u**2 + 17350*u - 10477. Determine c(-276).
11
Let u(k) = -2*k**2 - 90*k - 575. What is u(-6)?
-107
Let m(v) = -v**3 - 509*v**2 + 1995*v - 295550. What is m(-514)?
0
Let o(g) = g**3 + 136*g**2 + 655*g + 70232. Give o(-135).
32
Let k(x) = 326*x**3 - 59*x**2 - 9*x + 8. Calculate k(1).
266
Let q(x) = -x**3 + 36*x**2 - 200*x + 16. Determine q(29).
103
Let n(i) = -i**3 + 328*i**2 + 6199*i - 115227. Determine n(345).
3
Let y(a) = 19*a**2 + 543*a - 4685. Determine y(7).
47
Let t(z) = 56*z - 75. Give t(-8).
-523
Let d(g) = 285*g + 21988. Give d(-78).
-242
Let m(u) = -2*u**3 - 19*u**2 + 78*u + 1240. Determine m(-10).
560
Let y(p) = -379898*p + 759805. What is y(2)?
9
Let o(u) = -185*u - 1691. Give o(-6).
-581
Let k(u) = 31893*u - 159499. What is k(5)?
-34
Let x(g) = -389*g - 2711. Determine x(-7).
12
Let z(y) = y**2 + 532*y - 45898. What is z(74)?
-1054
Let r(y) = -y**2 - 213*y + 20214. Give r(66).
1800
Let j(k) = -3*k**2 - 188*k + 1020. Calculate j(5).
5
Let r(i) = i**2 + 200*i + 1671. What is r(-9)?
-48
Let y(d) = 199*d**2 - 1076*d + 1265. Calculate y(4).
145
Let w(a) = -12*a**3 - 399*a**2 - 221*a - 4033. Determine w(-33).
-7
Let l(m) = -2*m**2 + 485*m + 137378. Give l(410).
28
Let z(t) = 38183*t - 1947366. Calculate z(51).
-33
Let t(r) = -485*r - 6789. Give t(-14).
1
Let y(a) = 5*a**3 + 6*a**2 - 237*a + 231. Give y(1).
5
Let z(l) = -l**2 + 392*l - 29016. Calculate z(293).
-9
Let b(s) = 659*s**2 - 1250*s - 136. Calculate b(2).
0
Let w(s) = -s**2 + 190*s - 5028. What is w(157)?
153
Let d(i) = -59315*i + 3380972. Calculate d(57).
17
Let x(i) = -6576*i - 2064696. Calculate x(-314).
168
Let h(l) = -l**3 - 27*l**2 - 95*l - 249. Determine h(-25).
876
Let l(a) = -281*a**2 + 546*a - 32. What is l(2)?
-64
Let q(z) = -z**3 + 23*z**2 - 120*z + 78. Calculate q(17).
-228
Let o(p) = 242751*p - 4126772. Determine o(17).
-5
Let f(l) = 55*l + 8591. Determine f(-156).
11
Let k(q) = -185*q - 6722. Determine k(-37).
123
Let y(n) = 22689*n + 1678990. What is y(-74)?
4
Let p(t) = -131*t - 38443. What is p(-293)?
-60
Let f(y) = 8320*y - 349357. What is f(42)?
83
Let s(b) = -28622*b - 1602808. Determine s(-56).
24
Let g(u) = -424*u**2 - 4241*u - 13. What is g(-10)?
-3
Let z(r) = 3459*r + 847292. Calculate z(-245).
-163
Let u(h) = 13*h**2 + 516*h - 240. Give u(-41).
457
Let u(l) = 1268*l + 6466. Give u(-5).
126
Let h(x) = 3*x**2 + 396*x + 2. Determine h(-132).
2
Let g(w) = -26427*w - 898532. What is g(-34)?
-14
Let f(k) = -k**2 + 13329*k - 146507. Calculate f(11).
-9
Let u(l) = -l**3 - 73*l**2 - 513*l + 476. What is u(-65)?
21
Let n(f) = -3666*f - 450917. What is n(-123)?
1
Let r(d) = -30*d**2 - 771*d - 3925. Calculate r(-7).
2
Let a(l) = -9736*l + 38861. Give a(4).
-83
Let c(r) = -r**3 - 85*r**2 + 1105*r + 99911. What is c(-84)?
35
Let r(s) = -541*s - 8075. What is r(-15)?
40
Let p(q) = -132*q + 285. What is p(2)?
21
Let k(g) = 4*g**3 + 92*g**2 + 482*g + 27. Determine k(-8).
11
Let i(f) = -843*f - 357855. Determine i(-425).
420
Let v(f) = -23133*f - 439552. What is v(-19)?
-25
Let m(j) = -706*j + 62899. Calculate m(89).
65
Let x(c) = -5*c**3 - 681*c**2 + 28837*c + 18194. What is x(-170)?
4
Let r(s) = s**3 - 90*s**2 + 1664*s - 45606. Give r(76).
-6
Let a(m) = 1635032*m + 17985345. Determine a(-11).
-7
Let d(p) = 168*p - 22. What is d(-1)?
-190
Let g(r) = -228*r**2 + 2981*r - 7001. What is g(10)?
9
Let w(p) = 5818*p - 634100. Give w(109).
62
Let p(u) = -9572*u - 2632295. Calculate p(-275).
5
Let y(q) = -11*q**2 + 1700*q - 43732. Give y(122).
-56
Let z(i) = -1572*i - 23969. Determine z(-15).
-389
Let b(y) = -17655*y + 6497036. What is b(368)?
-4
Let j(s) = s**3 - 64*s**2 - 76*s + 3097. Give j(64).
-1767
Let g(t) = -14720*t + 73588. Give g(5).
-12
Let k(b) = -556*b**2 + 3226*b + 672. What is k(6)?
12
Let o(g) = 6490*g + 343969. Determine o(-53).
-1
Let z(t) = 4289*t + 62697. Calculate z(-15).
-1638
Let i(o) = -o**3 - 95*o**2 - 464*o - 1372. Determine i(-90).
-112
Let y(d) = 3812*d + 26771. Determine y(-7).
87
Let w(c) = 43*c**2 - 8426*c - 285. Determine w(196).
107
Let i(m) = -3*m**3 + 26*m**2 - 56*m + 306. Give i(8).
-14
Let p(h) = 7341*h - 1438419. Calculate p(196).
417
Let c(k) = 1161*k + 122871. Determine c(-106).
-195
Let k(c) = c**2 - 510*c - 18563. Give k(-34).
-67
Let n(q) = 2*q**2 + 488*q - 207253. What is n(222)?
-349
Let j(c) = -c**2 + 156*c - 4821. Calculate j(114).
-33
Let x(w) = -90*w**2 - 1821*w - 8465. Give x(-13).
-2
Let v(c) = -27*c**2 + 264*c + 693. Determine v(12).
-27
Let c(o) = -o**3 + 199*o**2 - 2077*o + 547. Calculate c(188).
-1145
Let z(y) = -y**3 - 212*y**2 - 5457*y + 587. Calculate z(-182).
41
Let x(g) = 978*g - 2454. Calculate x(2).
-498
Let w(p) = 2*p**2 + 99*p - 2258. Calculate w(17).
3
Let x(c) = -17*c**2 + 533*c - 2025. Determine x(27).
-27
Let x(t) = -4*t**2 - 3039*t + 158511. Calculate x(49).
-4
Let g(z) = -z**2 + 2891*z - 23059. What is g(8)?
5
Let j(h) = -20*h**3 + 60*h**2 - 34*h - 15. Give j(3).
-117
Let y(h) = 807*h - 78456. What is y(97)?
-177
Let k(a) = -a**3 + a**2 + 290*a - 1526. What is k(0)?
-1526
Let n(w) = 8*w**3 + 112*w**2 - 396*w - 5625. What is n(-14)?
-81
Let s(f) = -f**2 + 280754*f - 6176101. Give s(22).
3
Let b(k) = -k**3 - 612*k**2 - 3033*k + 1252. Give b(-607).
38
Let m(o) = 5*o**3 + 2*o**2 + 18*o + 32. Calculate m(-3).
-139
Let m(q) = 2*q**3 + 599*q**2 + 30990*q + 362. Calculate m(-233).
129
Let h(c) = -2748*c - 439675. Give h(-160).
5
Let d(t) = -142*t - 2099. Determine d(-26).
1593
Let h(q) = -48371*q + 193498. Determine h(4).
14
Let x(q) = 4*q**2 + 348. Give x(0).
348
Let w(n) = n**3 + 44*n**2 - 1249*n + 32868. Give w(-69).
24
Let u(n) = -10*n**2 - 301*n + 597. What is u(2)?
-45
Let y(b) = -3*b**2 + 5891*b + 35342. Calculate y(-6).
-112
Let k(p) = -4*p**3 - 212*p**2 - 787*p - 141. What is k(-49)?
6
Let m(h) = -h**3 + 82*h**2 - 1484*h - 4952. Give m(51).
-5
Let a(p) = p**3 - 100*p**2 - 104*p + 10445. Calculate a(100).
45
Let x(n) = -143861*n - 287714. Calculate x(-2).
8
Let g(d) = 2580*d**2 + 56764*d + 137. What is g(-22)?
49
Let y(c) = 2*c**3 + 197*c**2 - 509*c - 506. Give y(-101).
-102
Let u(o) = -o**2 - 448*o - 20591. Determine u(-52).
1
Let a(d) = 2170*d + 28264. Determine a(-13).
54
Let r(w) = -26472*w + 2038360. Give r(77).
16
Let m(d) = -2*d**2 + 85*d + 6747. What is m(92)?
-2361
Let z(l) = -l**3 - 26*l**2 + 119*l + 1727. What is z(-28)?
-37
Let u(d) = 875*d + 52654. Calculate u(-60).
154
Let s(i) = 279*i - 96238. Give s(345).
17
Let i(w) = -w**3 - 41*w**2 + 68*w + 761. Give i(-42).
-331
Let j(w) = 3*w**2 + 142*w - 899. Determine j(6).
61
Let z(w) = 3*w**3 - 49*w**2 - 9875*w + 